{"id":7412,"date":"2020-02-22T10:37:58","date_gmt":"2020-02-22T09:37:58","guid":{"rendered":"https:\/\/gironaprosport.com\/prenajom-bicyklov\/"},"modified":"2021-08-10T13:17:01","modified_gmt":"2021-08-10T11:17:01","slug":"pronajem-kol","status":"publish","type":"page","link":"https:\/\/gironaprosport.com\/cs\/sluzby-cs\/pronajem-kol\/","title":{"rendered":"Pron\u00e1jem kol"},"content":{"rendered":"<div class=\"wpb-content-wrapper\"><p>[vc_row et_uniqid=&#8220;et_custom_uniqid_5e5663733546b&#8220; css=&#8220;.vc_custom_1582723537803{margin-right: 1px !important;margin-left: 1px !important;border-top-width: 1px !important;border-right-width: 1px !important;border-bottom-width: 1px !important;border-left-width: 1px !important;padding-top: 4vw !important;padding-right: 2vw !important;padding-bottom: 4vw !important;padding-left: 2vw !important;background-image: url(https:\/\/gironaprosport.com\/wp-content\/uploads\/prenajom-bg.jpg?id=5237) !important;background-position: center !important;background-repeat: no-repeat !important;background-size: cover !important;border-left-color: #e1e1e1 !important;border-left-style: solid !important;border-right-color: #e1e1e1 !important;border-right-style: solid !important;border-top-color: #e1e1e1 !important;border-top-style: solid !important;border-bottom-color: #e1e1e1 !important;border-bottom-style: solid !important;}&#8220;][vc_column width=&#8220;1\/2&#8243;][vc_custom_heading text=&#8220;Na\u0161e slu\u017eby&#8220; font_container=&#8220;tag:h4|font_size:14|text_align:left|line_height:40px&#8220; google_fonts=&#8220;font_family:Lato%3A100%2C100italic%2C300%2C300italic%2Cregular%2Citalic%2C700%2C700italic%2C900%2C900italic|font_style:900%20bold%20regular%3A900%3Anormal&#8220;][vc_custom_heading text=&#8220;Pron\u00e1jem kol&#8220; font_container=&#8220;tag:h2|font_size:40|text_align:left|line_height:60px&#8220; google_fonts=&#8220;font_family:Lato%3A100%2C100italic%2C300%2C300italic%2Cregular%2Citalic%2C700%2C700italic%2C900%2C900italic|font_style:900%20bold%20regular%3A900%3Anormal&#8220;][vc_column_text]A\u0165 u\u017e se rozhodnete <strong>pronajmout si kolo p\u0159\u00edmo v Giron\u011b<\/strong> z d\u016fvodu n\u00e1ro\u010dn\u00e9 p\u0159epravy autem (v\u00edce ne\u017e 1700km) nebo letadlem (n\u00e1kladn\u00ed p\u0159eprava a riziko po\u0161kozen\u00ed), nebo proto proto\u017ee si chcete vyzkou\u0161et jak\u00e9 by to bylo jezdit na jin\u00e9m kole jako tom co m\u00e1te doma, m\u016f\u017eete si vybrat z opravdu \u0161irok\u00e9 nab\u00eddky kol (silni\u010dn\u00ed, horsk\u00e9, gravel, tandem, d\u011btsk\u00e9, elektrick\u00e9) r\u016fzn\u00fdch zna\u010dek (<strong>RIDLEY, BASSO, BMC, Cannondale, GHOST, VIKING, FLYER, WINORA, Haibike, BIANCHI, FACTOR, ORBEA, Bowman<\/strong>) .[\/vc_column_text][\/vc_column][vc_column width=&#8220;1\/2&#8243;][\/vc_column][\/vc_row][vc_row][vc_column][vc_column_text]<strong>Ceny za pron\u00e1jem<\/strong> se li\u0161\u00ed v z\u00e1vislosti na typu kola a d\u00e9lky pron\u00e1jmu, p\u0159i ni\u017e\u0161\u00ed kategorii je to od 12-20 EUR za den, p\u0159i st\u0159edn\u00ed t\u0159\u00edd\u011b 25-40 EUR za den, p\u0159i vy\u0161\u0161\u00ed kategorii od 45-90EUR za den. Um\u00edme nab\u00eddnout i dopl\u0148ky jako Watt metr, GPS, d\u00e1msk\u00e9 sedadlo, helmy, r\u016fzn\u00e9 druhy ped\u00e1l\u016f, cyklistickou obuv.[\/vc_column_text][\/vc_column][\/vc_row][vc_row][vc_column][vc_images_carousel images=&#8220;5697,5698,5699,5700,5701,5702,5703,5704,5705,5706,5707&#8243; img_size=&#8220;large&#8220; slides_per_view=&#8220;3&#8243;][\/vc_column][\/vc_row]<\/p>\n<\/div>","protected":false},"excerpt":{"rendered":"<p>[vc_row et_uniqid=&#8220;et_custom_uniqid_5e5663733546b&#8220; css=&#8220;.vc_custom_1582723537803{margin-right: 1px !important;margin-left: 1px !important;border-top-width: 1px !important;border-right-width: 1px !important;border-bottom-width: 1px !important;border-left-width: 1px !important;padding-top: 4vw !important;padding-right: 2vw !important;padding-bottom: 4vw !important;padding-left: 2vw !important;background-image: url(https:\/\/gironaprosport.com\/wp-content\/uploads\/prenajom-bg.jpg?id=5237) !important;background-position:&#8230;<\/p>\n","protected":false},"author":1,"featured_media":0,"parent":7418,"menu_order":79,"comment_status":"closed","ping_status":"closed","template":"","meta":{"_monsterinsights_skip_tracking":false,"_monsterinsights_sitenote_active":false,"_monsterinsights_sitenote_note":"","_monsterinsights_sitenote_category":0,"footnotes":""},"class_list":["post-7412","page","type-page","status-publish","hentry"],"yoast_head":"<!-- This site is optimized with the Yoast SEO plugin v26.6 - https:\/\/yoast.com\/wordpress\/plugins\/seo\/ -->\n<title>Pron\u00e1jem profi kol Girona \u0160pan\u011blsko - Girona ProSport<\/title>\n<meta name=\"description\" content=\"Nab\u00edz\u00edme v\u00e1m pron\u00e1jem r\u016fzn\u00fdch tip\u016f kol pro va\u0161e cykloz\u00e1jezdy v Girone - \u0160pan\u011blsko. Nab\u00edz\u00edme cykloz\u00e1jezdy se v\u0161emi slu\u017ebami na gironaprosport.com.\" \/>\n<meta name=\"robots\" content=\"index, follow, max-snippet:-1, max-image-preview:large, max-video-preview:-1\" \/>\n<link rel=\"canonical\" href=\"https:\/\/gironaprosport.com\/cs\/sluzby-cs\/pronajem-kol\/\" \/>\n<meta property=\"og:locale\" content=\"cs_CZ\" \/>\n<meta property=\"og:type\" content=\"article\" \/>\n<meta property=\"og:title\" content=\"Pron\u00e1jem profi kol Girona \u0160pan\u011blsko - Girona ProSport\" \/>\n<meta property=\"og:description\" content=\"Nab\u00edz\u00edme v\u00e1m pron\u00e1jem r\u016fzn\u00fdch tip\u016f kol pro va\u0161e cykloz\u00e1jezdy v Girone - \u0160pan\u011blsko. Nab\u00edz\u00edme cykloz\u00e1jezdy se v\u0161emi slu\u017ebami na gironaprosport.com.\" \/>\n<meta property=\"og:url\" content=\"https:\/\/gironaprosport.com\/cs\/sluzby-cs\/pronajem-kol\/\" \/>\n<meta property=\"og:site_name\" content=\"Girona ProSport\" \/>\n<meta property=\"article:publisher\" content=\"http:\/\/fb.me\/gironaprosport\" \/>\n<meta property=\"article:modified_time\" content=\"2021-08-10T11:17:01+00:00\" \/>\n<meta name=\"twitter:card\" content=\"summary_large_image\" \/>\n<meta name=\"twitter:label1\" content=\"Odhadovan\u00e1 doba \u010dten\u00ed\" \/>\n\t<meta name=\"twitter:data1\" content=\"2 minuty\" \/>\n<script type=\"application\/ld+json\" class=\"yoast-schema-graph\">{\"@context\":\"https:\/\/schema.org\",\"@graph\":[{\"@type\":\"WebPage\",\"@id\":\"https:\/\/gironaprosport.com\/cs\/sluzby-cs\/pronajem-kol\/\",\"url\":\"https:\/\/gironaprosport.com\/cs\/sluzby-cs\/pronajem-kol\/\",\"name\":\"Pron\u00e1jem profi kol Girona \u0160pan\u011blsko - Girona ProSport\",\"isPartOf\":{\"@id\":\"https:\/\/gironaprosport.com\/cs\/#website\"},\"datePublished\":\"2020-02-22T09:37:58+00:00\",\"dateModified\":\"2021-08-10T11:17:01+00:00\",\"description\":\"Nab\u00edz\u00edme v\u00e1m pron\u00e1jem r\u016fzn\u00fdch tip\u016f kol pro va\u0161e cykloz\u00e1jezdy v Girone - \u0160pan\u011blsko. Nab\u00edz\u00edme cykloz\u00e1jezdy se v\u0161emi slu\u017ebami na gironaprosport.com.\",\"breadcrumb\":{\"@id\":\"https:\/\/gironaprosport.com\/cs\/sluzby-cs\/pronajem-kol\/#breadcrumb\"},\"inLanguage\":\"cs\",\"potentialAction\":[{\"@type\":\"ReadAction\",\"target\":[\"https:\/\/gironaprosport.com\/cs\/sluzby-cs\/pronajem-kol\/\"]}]},{\"@type\":\"BreadcrumbList\",\"@id\":\"https:\/\/gironaprosport.com\/cs\/sluzby-cs\/pronajem-kol\/#breadcrumb\",\"itemListElement\":[{\"@type\":\"ListItem\",\"position\":1,\"name\":\"Domovsk\u00e1 str\u00e1nka\",\"item\":\"https:\/\/gironaprosport.com\/cs\/\"},{\"@type\":\"ListItem\",\"position\":2,\"name\":\"Slu\u017eby\",\"item\":\"https:\/\/gironaprosport.com\/cs\/sluzby-cs\/\"},{\"@type\":\"ListItem\",\"position\":3,\"name\":\"Pron\u00e1jem kol\"}]},{\"@type\":\"WebSite\",\"@id\":\"https:\/\/gironaprosport.com\/cs\/#website\",\"url\":\"https:\/\/gironaprosport.com\/cs\/\",\"name\":\"Girona ProSport\",\"description\":\"Cykloz\u00e1jazdy\",\"publisher\":{\"@id\":\"https:\/\/gironaprosport.com\/cs\/#organization\"},\"potentialAction\":[{\"@type\":\"SearchAction\",\"target\":{\"@type\":\"EntryPoint\",\"urlTemplate\":\"https:\/\/gironaprosport.com\/cs\/?s={search_term_string}\"},\"query-input\":{\"@type\":\"PropertyValueSpecification\",\"valueRequired\":true,\"valueName\":\"search_term_string\"}}],\"inLanguage\":\"cs\"},{\"@type\":\"Organization\",\"@id\":\"https:\/\/gironaprosport.com\/cs\/#organization\",\"name\":\"Girona PRO SPORT\",\"url\":\"https:\/\/gironaprosport.com\/cs\/\",\"logo\":{\"@type\":\"ImageObject\",\"inLanguage\":\"cs\",\"@id\":\"https:\/\/gironaprosport.com\/cs\/#\/schema\/logo\/image\/\",\"url\":\"https:\/\/gironaprosport.com\/wp-content\/uploads\/logo-gps_64.png\",\"contentUrl\":\"https:\/\/gironaprosport.com\/wp-content\/uploads\/logo-gps_64.png\",\"width\":320,\"height\":64,\"caption\":\"Girona PRO SPORT\"},\"image\":{\"@id\":\"https:\/\/gironaprosport.com\/cs\/#\/schema\/logo\/image\/\"},\"sameAs\":[\"http:\/\/fb.me\/gironaprosport\",\"http:\/\/instagram.com\/girona_prosport\/\",\"https:\/\/www.youtube.com\/channel\/UCv7gLuh2ONY6kESVj_3aSnA\"]}]}<\/script>\n<!-- \/ Yoast SEO plugin. -->","yoast_head_json":{"title":"Pron\u00e1jem profi kol Girona \u0160pan\u011blsko - Girona ProSport","description":"Nab\u00edz\u00edme v\u00e1m pron\u00e1jem r\u016fzn\u00fdch tip\u016f kol pro va\u0161e cykloz\u00e1jezdy v Girone - \u0160pan\u011blsko. Nab\u00edz\u00edme cykloz\u00e1jezdy se v\u0161emi slu\u017ebami na gironaprosport.com.","robots":{"index":"index","follow":"follow","max-snippet":"max-snippet:-1","max-image-preview":"max-image-preview:large","max-video-preview":"max-video-preview:-1"},"canonical":"https:\/\/gironaprosport.com\/cs\/sluzby-cs\/pronajem-kol\/","og_locale":"cs_CZ","og_type":"article","og_title":"Pron\u00e1jem profi kol Girona \u0160pan\u011blsko - Girona ProSport","og_description":"Nab\u00edz\u00edme v\u00e1m pron\u00e1jem r\u016fzn\u00fdch tip\u016f kol pro va\u0161e cykloz\u00e1jezdy v Girone - \u0160pan\u011blsko. Nab\u00edz\u00edme cykloz\u00e1jezdy se v\u0161emi slu\u017ebami na gironaprosport.com.","og_url":"https:\/\/gironaprosport.com\/cs\/sluzby-cs\/pronajem-kol\/","og_site_name":"Girona ProSport","article_publisher":"http:\/\/fb.me\/gironaprosport","article_modified_time":"2021-08-10T11:17:01+00:00","twitter_card":"summary_large_image","twitter_misc":{"Odhadovan\u00e1 doba \u010dten\u00ed":"2 minuty"},"schema":{"@context":"https:\/\/schema.org","@graph":[{"@type":"WebPage","@id":"https:\/\/gironaprosport.com\/cs\/sluzby-cs\/pronajem-kol\/","url":"https:\/\/gironaprosport.com\/cs\/sluzby-cs\/pronajem-kol\/","name":"Pron\u00e1jem profi kol Girona \u0160pan\u011blsko - Girona ProSport","isPartOf":{"@id":"https:\/\/gironaprosport.com\/cs\/#website"},"datePublished":"2020-02-22T09:37:58+00:00","dateModified":"2021-08-10T11:17:01+00:00","description":"Nab\u00edz\u00edme v\u00e1m pron\u00e1jem r\u016fzn\u00fdch tip\u016f kol pro va\u0161e cykloz\u00e1jezdy v Girone - \u0160pan\u011blsko. Nab\u00edz\u00edme cykloz\u00e1jezdy se v\u0161emi slu\u017ebami na gironaprosport.com.","breadcrumb":{"@id":"https:\/\/gironaprosport.com\/cs\/sluzby-cs\/pronajem-kol\/#breadcrumb"},"inLanguage":"cs","potentialAction":[{"@type":"ReadAction","target":["https:\/\/gironaprosport.com\/cs\/sluzby-cs\/pronajem-kol\/"]}]},{"@type":"BreadcrumbList","@id":"https:\/\/gironaprosport.com\/cs\/sluzby-cs\/pronajem-kol\/#breadcrumb","itemListElement":[{"@type":"ListItem","position":1,"name":"Domovsk\u00e1 str\u00e1nka","item":"https:\/\/gironaprosport.com\/cs\/"},{"@type":"ListItem","position":2,"name":"Slu\u017eby","item":"https:\/\/gironaprosport.com\/cs\/sluzby-cs\/"},{"@type":"ListItem","position":3,"name":"Pron\u00e1jem kol"}]},{"@type":"WebSite","@id":"https:\/\/gironaprosport.com\/cs\/#website","url":"https:\/\/gironaprosport.com\/cs\/","name":"Girona ProSport","description":"Cykloz\u00e1jazdy","publisher":{"@id":"https:\/\/gironaprosport.com\/cs\/#organization"},"potentialAction":[{"@type":"SearchAction","target":{"@type":"EntryPoint","urlTemplate":"https:\/\/gironaprosport.com\/cs\/?s={search_term_string}"},"query-input":{"@type":"PropertyValueSpecification","valueRequired":true,"valueName":"search_term_string"}}],"inLanguage":"cs"},{"@type":"Organization","@id":"https:\/\/gironaprosport.com\/cs\/#organization","name":"Girona PRO SPORT","url":"https:\/\/gironaprosport.com\/cs\/","logo":{"@type":"ImageObject","inLanguage":"cs","@id":"https:\/\/gironaprosport.com\/cs\/#\/schema\/logo\/image\/","url":"https:\/\/gironaprosport.com\/wp-content\/uploads\/logo-gps_64.png","contentUrl":"https:\/\/gironaprosport.com\/wp-content\/uploads\/logo-gps_64.png","width":320,"height":64,"caption":"Girona PRO SPORT"},"image":{"@id":"https:\/\/gironaprosport.com\/cs\/#\/schema\/logo\/image\/"},"sameAs":["http:\/\/fb.me\/gironaprosport","http:\/\/instagram.com\/girona_prosport\/","https:\/\/www.youtube.com\/channel\/UCv7gLuh2ONY6kESVj_3aSnA"]}]}},"meta_box":[],"_links":{"self":[{"href":"https:\/\/gironaprosport.com\/cs\/wp-json\/wp\/v2\/pages\/7412","targetHints":{"allow":["GET"]}}],"collection":[{"href":"https:\/\/gironaprosport.com\/cs\/wp-json\/wp\/v2\/pages"}],"about":[{"href":"https:\/\/gironaprosport.com\/cs\/wp-json\/wp\/v2\/types\/page"}],"author":[{"embeddable":true,"href":"https:\/\/gironaprosport.com\/cs\/wp-json\/wp\/v2\/users\/1"}],"replies":[{"embeddable":true,"href":"https:\/\/gironaprosport.com\/cs\/wp-json\/wp\/v2\/comments?post=7412"}],"version-history":[{"count":0,"href":"https:\/\/gironaprosport.com\/cs\/wp-json\/wp\/v2\/pages\/7412\/revisions"}],"up":[{"embeddable":true,"href":"https:\/\/gironaprosport.com\/cs\/wp-json\/wp\/v2\/pages\/7418"}],"wp:attachment":[{"href":"https:\/\/gironaprosport.com\/cs\/wp-json\/wp\/v2\/media?parent=7412"}],"curies":[{"name":"wp","href":"https:\/\/api.w.org\/{rel}","templated":true}]}}

Pronájem kol

<div class="wpb-content-wrapper"><p>[vc_row et_uniqid=&#8220;et_custom_uniqid_5e5663733546b&#8220; css=&#8220;.vc_custom_1582723537803{margin-right: 1px !important;margin-left: 1px !important;border-top-width: 1px !important;border-right-width: 1px !important;border-bottom-width: 1px !important;border-left-width: 1px !important;padding-top: 4vw !important;padding-right: 2vw !important;padding-bottom: 4vw !important;padding-left: 2vw !important;background-image: url(https://gironaprosport.com/wp-content/uploads/prenajom-bg.jpg?id=5237) !important;background-position: center !important;background-repeat: no-repeat !important;background-size: cover !important;border-left-color: #e1e1e1 !important;border-left-style: solid !important;border-right-color: #e1e1e1 !important;border-right-style: solid !important;border-top-color: #e1e1e1 !important;border-top-style: solid !important;border-bottom-color: #e1e1e1 !important;border-bottom-style: solid !important;}&#8220;][vc_column width=&#8220;1/2&#8243;][vc_custom_heading text=&#8220;Naše služby&#8220; font_container=&#8220;tag:h4|font_size:14|text_align:left|line_height:40px&#8220; google_fonts=&#8220;font_family:Lato%3A100%2C100italic%2C300%2C300italic%2Cregular%2Citalic%2C700%2C700italic%2C900%2C900italic|font_style:900%20bold%20regular%3A900%3Anormal&#8220;][vc_custom_heading text=&#8220;Pronájem kol&#8220; font_container=&#8220;tag:h2|font_size:40|text_align:left|line_height:60px&#8220; google_fonts=&#8220;font_family:Lato%3A100%2C100italic%2C300%2C300italic%2Cregular%2Citalic%2C700%2C700italic%2C900%2C900italic|font_style:900%20bold%20regular%3A900%3Anormal&#8220;][vc_column_text]Ať už se rozhodnete <strong>pronajmout si kolo přímo v Gironě</strong> z důvodu náročné přepravy autem (více než 1700km) nebo letadlem (nákladní přeprava a riziko poškození), nebo proto protože si chcete vyzkoušet jaké by to bylo jezdit na jiném kole jako tom co máte doma, můžete si vybrat z opravdu široké nabídky kol (silniční, horské, gravel, tandem, dětské, elektrické) různých značek (<strong>RIDLEY, BASSO, BMC, Cannondale, GHOST, VIKING, FLYER, WINORA, Haibike, BIANCHI, FACTOR, ORBEA, Bowman</strong>) .[/vc_column_text][/vc_column][vc_column width=&#8220;1/2&#8243;][/vc_column][/vc_row][vc_row][vc_column][vc_column_text]<strong>Ceny za pronájem</strong> se liší v závislosti na typu kola a délky pronájmu, při nižší kategorii je to od 12-20 EUR za den, při střední třídě 25-40 EUR za den, při vyšší kategorii od 45-90EUR za den. Umíme nabídnout i doplňky jako Watt metr, GPS, dámské sedadlo, helmy, různé druhy pedálů, cyklistickou obuv.[/vc_column_text][/vc_column][/vc_row][vc_row][vc_column][vc_images_carousel images=&#8220;5697,5698,5699,5700,5701,5702,5703,5704,5705,5706,5707&#8243; img_size=&#8220;large&#8220; slides_per_view=&#8220;3&#8243;][/vc_column][/vc_row]</p>
</div>

<!-- This site is optimized with the Yoast SEO plugin v26.6 - https://yoast.com/wordpress/plugins/seo/ -->
<title>Pronájem profi kol Girona Španělsko - Girona ProSport</title>
<meta name="description" content="Nabízíme vám pronájem různých tipů kol pro vaše cyklozájezdy v Girone - Španělsko. Nabízíme cyklozájezdy se všemi službami na gironaprosport.com." />
<meta name="robots" content="index, follow, max-snippet:-1, max-image-preview:large, max-video-preview:-1" />
<link rel="canonical" href="https://gironaprosport.com/cs/sluzby-cs/pronajem-kol/" />
<meta property="og:locale" content="cs_CZ" />
<meta property="og:type" content="article" />
<meta property="og:title" content="Pronájem profi kol Girona Španělsko - Girona ProSport" />
<meta property="og:description" content="Nabízíme vám pronájem různých tipů kol pro vaše cyklozájezdy v Girone - Španělsko. Nabízíme cyklozájezdy se všemi službami na gironaprosport.com." />
<meta property="og:url" content="https://gironaprosport.com/cs/sluzby-cs/pronajem-kol/" />
<meta property="og:site_name" content="Girona ProSport" />
<meta property="article:publisher" content="http://fb.me/gironaprosport" />
<meta property="article:modified_time" content="2021-08-10T11:17:01+00:00" />
<meta name="twitter:card" content="summary_large_image" />
<meta name="twitter:label1" content="Odhadovaná doba čtení" />
	<meta name="twitter:data1" content="2 minuty" />
<script type="application/ld+json" class="yoast-schema-graph">{"@context":"https://schema.org","@graph":[{"@type":"WebPage","@id":"https://gironaprosport.com/cs/sluzby-cs/pronajem-kol/","url":"https://gironaprosport.com/cs/sluzby-cs/pronajem-kol/","name":"Pronájem profi kol Girona Španělsko - Girona ProSport","isPartOf":{"@id":"https://gironaprosport.com/cs/#website"},"datePublished":"2020-02-22T09:37:58+00:00","dateModified":"2021-08-10T11:17:01+00:00","description":"Nabízíme vám pronájem různých tipů kol pro vaše cyklozájezdy v Girone - Španělsko. Nabízíme cyklozájezdy se všemi službami na gironaprosport.com.","breadcrumb":{"@id":"https://gironaprosport.com/cs/sluzby-cs/pronajem-kol/#breadcrumb"},"inLanguage":"cs","potentialAction":[{"@type":"ReadAction","target":["https://gironaprosport.com/cs/sluzby-cs/pronajem-kol/"]}]},{"@type":"BreadcrumbList","@id":"https://gironaprosport.com/cs/sluzby-cs/pronajem-kol/#breadcrumb","itemListElement":[{"@type":"ListItem","position":1,"name":"Domovská stránka","item":"https://gironaprosport.com/cs/"},{"@type":"ListItem","position":2,"name":"Služby","item":"https://gironaprosport.com/cs/sluzby-cs/"},{"@type":"ListItem","position":3,"name":"Pronájem kol"}]},{"@type":"WebSite","@id":"https://gironaprosport.com/cs/#website","url":"https://gironaprosport.com/cs/","name":"Girona ProSport","description":"Cyklozájazdy","publisher":{"@id":"https://gironaprosport.com/cs/#organization"},"potentialAction":[{"@type":"SearchAction","target":{"@type":"EntryPoint","urlTemplate":"https://gironaprosport.com/cs/?s={search_term_string}"},"query-input":{"@type":"PropertyValueSpecification","valueRequired":true,"valueName":"search_term_string"}}],"inLanguage":"cs"},{"@type":"Organization","@id":"https://gironaprosport.com/cs/#organization","name":"Girona PRO SPORT","url":"https://gironaprosport.com/cs/","logo":{"@type":"ImageObject","inLanguage":"cs","@id":"https://gironaprosport.com/cs/#/schema/logo/image/","url":"https://gironaprosport.com/wp-content/uploads/logo-gps_64.png","contentUrl":"https://gironaprosport.com/wp-content/uploads/logo-gps_64.png","width":320,"height":64,"caption":"Girona PRO SPORT"},"image":{"@id":"https://gironaprosport.com/cs/#/schema/logo/image/"},"sameAs":["http://fb.me/gironaprosport","http://instagram.com/girona_prosport/","https://www.youtube.com/channel/UCv7gLuh2ONY6kESVj_3aSnA"]}]}</script>
<!-- / Yoast SEO plugin. -->

Pronájem profi kol Girona Španělsko - Girona ProSport

Nabízíme vám pronájem různých tipů kol pro vaše cyklozájezdy v Girone - Španělsko. Nabízíme cyklozájezdy se všemi službami na gironaprosport.com.

Domovská stránka

Služby

Cyklozájazdy
